= d - 8 - r. List the prime factors of d.
13
Suppose -2*n - n - 1 = 2*l, 3*l - 4*n = 7. Let d be 4/(-20) + l/5. Suppose 4*y + r + 3*r = d, 0 = -y - 2*r - 3. List the prime factors of y.
3
Let q be 1 + (-2 - (-2)/1). Let a be 3 - q - 10/(-2). Let l = 14 - a. What are the prime factors of l?
7
Let t(d) = -2*d + 5*d - 2 - d**3 - d + 2*d**2. Let p be t(2). List the prime factors of 34/4 + p/(-4).
2
Let y(g) = -g**3 + 2*g**2 + 2*g - 7. List the prime factors of y(-4).
3
Let t = -22 + 15. Let c(w) = w + 9. Let u be c(t). What are the prime factors of 4*(0 + (u - 1))?
2
Let i(c) = 10*c + 2*c + 6*c + 1. What are the prime factors of i(1)?
19
Let u be 5/(-10)*4*1. Let d be u/(-2) + -2 + 5. Suppose 3*a - d*g + 2 = 54, -a - 3*g + 13 = 0. List the prime factors of a.
2
Let z = -21 - 11. Let j(l) = l**3 - 7*l**2 + 9*l - 8. Let i be j(6). What are the prime factors of z/(-5) + (-4)/i?
2, 3
Suppose -3 = 3*h, -3*p + 61 = -3*h - 50. Let c = p + 16. List the prime factors of c.
2, 13
Suppose -59*k = -52*k - 2485. What are the prime factors of k?
5, 71
Let s = 3 - -90. Suppose -4*x - s = -4*a - a, a = -4*x + 33. List the prime factors of a.
3, 7
Suppose -63 = -5*z - 2*b + b, 0 = -2*z + 2*b + 18. List the prime factors of z.
2, 3
Let j(s) = -3*s + 2*s**2 + 4*s**2 - 4 - 3*s**2 + s**3. Let w be j(-3). Let n(k) = -k**2 + 5*k + 7. List the prime factors of n(w).
7
Suppose 0 = 5*b + 2*h - 134, 4*b + 3*h - 103 = -0*h. What are the prime factors of b?
2, 7
Suppose -1074 = -4*j - 5*r, 3*j - 213 = 4*r + 608. What are the prime factors of j?
271
Let r = 19 - 15. What are the prime factors of r?
2
Suppose -2*v - 894 = -4*o, -9*o - v + 449 = -7*o. List the prime factors of o.
2, 7
Suppose 0 = -0*o + 3*o - 150. List the prime factors of (-1)/(o/(-24) + 2).
2, 3
Let n(a) = -19*a - 17*a - 3*a. Let y be n(-1). Let z = y + -27. What are the prime factors of z?
2, 3
Suppose -4*d = -9*d - 4*r + 111, -3*d = -5*r - 37. Let q = d - 11. Suppose -2 + q = 2*t. What are the prime factors of t?
3
Suppose 5*y - 30 = -2*p, y - 4 - 2 = -p. Let h = y - -1. What are the prime factors of h?
7
Let l(a) = -a + 3. Let k be l(0). Suppose -k*g = 3*d - 93, 149 = 4*d - 3*g + 53. What are the prime factors of (-3)/(-9)*1*d?
3
Let m(u) = 2*u - 1. Let d be m(-1). Let h be (3 + -6)*4/d. Let l = 6 - h. List the prime factors of l.
2
Let d(a) = a**3 + a**2 + a - 9. Let c be d(0). Let w = 14 + c. List the prime factors of w.
5
Let o = 11 + -6. Let p = -5 - o. Let g = -7 - p. List the prime factors of g.
3
Suppose -2*a - 4*i - 18 = -5*a, -5*i - 15 = 0. Suppose -a*p = 2*p. Suppose 3*j - 2*u + p*u = 28, 5*u + 5 = j. What are the prime factors of j?
2, 5
Let c = 23 - 4. What are the prime factors of c?
19
Let b(j) be the first derivative of -j**3/6 + 7*j**2/2 + j - 2. Let k(l) be the first derivative of b(l). List the prime factors of k(4).
3
Suppose 0*c - 2*c = -8. Suppose -c*y + 4*g = -136, 0 = -2*y + 3*g - 9 + 74. List the prime factors of y.
37
Let r be (-2)/(-1) + (0 - 0). Suppose 4*p - r = 5*u - 3*u, -u - 4 = -3*p. What are the prime factors of p?
3
Suppose 2*f - 7 = f. Suppose -r - 71 = -f*o + 3*o, 3*o - 54 = r. List the prime factors of o.
17
Suppose 3*w - 726 = -4*t, 4*t - 5*t = 0. What are the prime factors of w?
2, 11
List the prime factors of 12/30 - (-548)/5.
2, 5, 11
Suppose -5*p = -3*s - 37, s = -4*p - 2*s + 8. List the prime factors of (-12)/(-3)*(p + 1).
2, 3
Suppose b + 3*d - 133 = 105, -5*b = 4*d - 1190. Suppose -5*p + a + b = 0, p - 4*a = 2*p - 56. List the prime factors of p.
2, 3
Let p(k) be the first derivative of 8*k**3/3 + k**2 - k - 1. Let j = -2 - -3. What are the prime factors of p(j)?
3
Let t(w) = 7 - w + 2*w - 2*w. Let l be t(4). Suppose -l*v + 4*u + 49 = 0, 43 = 5*v - 0*v + 3*u. List the prime factors of v.
11
Let g = 32 + -69. Let x = -26 - g. What are the prime factors of x?
11
Suppose -5*q + 14 = -3*q. Suppose q = -4*a + 51. List the prime factors of a.
11
Suppose -3*v = 2*v - 10. Suppose -6*n = -v*n - 48. List the prime factors of n.
2, 3
Suppose 4 = 4*v - 4. Suppose 0 - 6 = -2*j + v*s, 5*j - 8 = -2*s. List the prime factors of j.
2
Let b(c) = 10*c + 14. What are the prime factors of b(8)?
2, 47
Let i(a) = -a**3 - 3*a**2 + 8*a - 1. List the prime factors of i(-6).
59
Let w(f) = -2 - 5*f - 2 + 3. List the prime factors of w(-2).
3
Let z = 0 - -5. Suppose z*c - c - 32 = 0. What are the prime factors of c?
2
Suppose -3*f + 23 = 8. Suppose -2*p = -f*n + 12, -2*p - p - 4*n + 28 = 0. What are the prime factors of p?
2
Let u(z) = -z**3 + 5*z**2 + 7*z - 3. Suppose 2*o - 13 + 3 = 0. List the prime factors of u(o).
2
Suppose -3 = -3*x + 3. Suppose x*y = 7*y - 45. What are the prime factors of y?
3
Let p = -18 - -63. List the prime factors of p.
3, 5
Let h(c) = 14*c - 17. What are the prime factors of h(9)?
109
Let p = -11 + 21. What are the prime factors of p?
2, 5
Let w = 435 + -152. List the prime factors of w.
283
Let m = -155 + 302. List the prime factors of m.
3, 7
Let c(t) be the first derivative of t**4/4 - t**3/3 + 2*t**2 - 3*t + 1. Let f be c(2). Let s(g) = g - 1. List the prime factors of s(f).
2
Let v(i) = -2*i + 1. Suppose j - 6*o + 2*o = -26, 0 = -2*j + o - 24. List the prime factors of v(j).
3, 7
Let j(o) = o**2 - 10*o - 12. Let z be j(10). List the prime factors of (4/(-6))/(z/54).
3
Let p(n) be the third derivative of n**5/30 + 2*n**2. Let a be p(2). Let j = a + -3. What are the prime factors of j?
5
Let y = -2 - -2. Suppose 2*a + 2*a = y. Suppose -u + a = -12. List the prime factors of u.
2, 3
Suppose -2*r + r + 102 = 0. List the prime factors of r.
2, 3, 17
Suppose 0 = -5*h + 420 + 600. What are the prime factors of h?
2, 3, 17
Suppose x = -0*x + 5. Let a be x/2*(-18)/(-5). Let s = a - -3. What are the prime factors of s?
2, 3
Let z(n) = 2*n + 2. Suppose -2 + 4 = -k. Let p be z(k). List the prime factors of (-4)/(p*(-3)/(-12)).
2
Let d be (1/3 - 1)*-24. Let z = d + -4. Suppose -2*b = -b - z. List the prime factors of b.
2, 3
Suppose -3*b = -47 - 103. Let p be (b/15)/(4/6). Suppose g - 5*z = 15, -p*g + 19 = 2*z + z. List the prime factors of g.
5
Suppose -3*g + 10 = -5. Suppose -7 - g = -4*x. What are the prime factors of x?
3
Suppose 2*r = 7*r - 65. Suppose -t + 0*t - r = 0. What are the prime factors of (-3 - -1) + 1 - t?
2, 3
Let p = 3 - 9. Let b(m) = -3*m**3 - 21*m**2 - 35*m + 7. Let l(r) = r**3 + 7*r**2 + 12*r - 2. Let j(n) = 6*b(n) + 17*l(n). List the prime factors of j(p).
2
What are the prime factors of (-2200)/(-18) + 20/(-90)?
2, 61
Let n(l) = l**3 - 7*l**2 + 2*l - 3. What are the prime factors of n(7)?
11
Let a = -61 - -70. List the prime factors of a.
3
Suppose -89 + 9 = -4*s. Suppose 3*y + 0*y = -33. Let z = y + s. What are the prime factors of z?
3
Suppose 2*d - 8*d = -600. What are the prime factors of d?
2, 5
Let v(y) = -12*y. List the prime factors of v(-2).
2, 3
Let b(u) = u**2 - 1. Let a be b(-1). Let s be 1 + 1 - a/(-1). Suppose -3 = -3*m + t - s, 20 = 5*m + 2*t. List the prime factors of m.
2
Suppose 13 = 6*j - 5. Suppose j = -2*n + 2*y + 9, -y + 3 = n. List the prime factors of n.
3
What are the prime factors of 84/7*(-6)/(-9)?
2
Suppose 7*k - 59 = 6*k. What are the prime factors of k?
59
Suppose -3*b + 9 = -0*b. Suppose 0 = -2*i - 2*m + 4, b*i + 3*m - 2 = 4*m. What are the prime factors of i - -4 - -2 - 2?
5
Suppose -65 + 23 = -3*w. Let m = w - 5. What are the prime factors of m?
3
Let f be 1/3 + 2/(-6). Suppose -3*a + 0*a = -2*r, 5*a = f. Suppose -i + r*i = -11. What are the prime factors of i?
11
Suppose -5*g + 114 = 3*b, 0*b - 156 = -5*b + 3*g. List the prime factors of b.
3, 11
Let o = -6 - -16. Let j = o + -6. List the prime factors of j.
2
Suppose m + 3*z - 65 = 0, -2*z + 68 = 2*m - 46. What are the prime factors of m?
53
What are the prime factors of (-1124)/8*-3*(-4)/(-6)?
281
Let r be ((-4)/(-6))/((-14)/(-147)). Suppose -1 - 6 = 3*s + 4*l, 2*l - 4 = 0. Let m = s + r. What are the prime factors of m?
2
Let v(z) = -z**2 + 7*z - 4. Let b be v(6). Let t(h) = 0*h**b + 4*h - h + 4 - h**2. List the prime factors of t(3).
2
List the prime factors of 167/7 - 2/(-14).
2, 3
Suppose 2*u - 3*u + 9 = -t, 5*u = -5*t - 5. Suppose -5*h + 75 = -2*v - 3*v, u*h + v = 70. What are the prime factors of h?
17
Suppose 136 = 5*r - 4. What are the prime factors